hat is the hundreds digit of p?
1
Let z = 157 + -90. Let y = z - 23. Suppose 4*i + 5*r = y - 12, 0 = -2*i - 5*r + 26. What is the units digit of i?
3
Let x(u) be the second derivative of 22*u + 1/12*u**4 + 2*u**2 + 19/6*u**3 + 0. What is the tens digit of x(-21)?
4
What is the thousands digit of (115364/(-955))/(4/(-110))?
3
Let n(m) = 6*m**2 - 39*m - 17. Let g be n(7). Suppose 4*h - g*q - 5044 = 0, 2*q + 1612 = h + 352. What is the units digit of h?
2
Let y(t) = t**3 + 11*t**2 + 3*t - 75. Let m be y(-10). What is the hundreds digit of (5 - (m + 6)) + 23*47?
0
Let v(q) = -q + 284 - 4*q**2 - q**2 + 0*q**2 + 0*q**2. Suppose 5*j + 2*w - 4 = j, -4*w = -4*j - 8. What is the hundreds digit of v(j)?
2
Let y(x) be the first derivative of x**4/4 + 8*x**3/3 - 21*x**2/2 + 15. Let c be y(-10). Suppose -6*k = -c*k + 408. What is the tens digit of k?
0
Let w be 4/(-6)*(-2)/((-16)/(-60)). Suppose -2*o = -3*d - 46 - 1172, -3035 = -5*o + w*d. What is the units digit of o?
3
Suppose -260 = -7*p + 2*p. Suppose 12*w = 1672 - 628. Let t = w - p. What is the units digit of t?
5
Let g(u) = 4 + 227*u - u**2 - 232*u - 98*u**3 - 3. Let k(a) = 99*a**3 + a**2 + 4*a - 1. Let w(z) = -3*g(z) - 4*k(z). What is the units digit of w(-1)?
3
Let s(f) = -f**2 - 35*f + 117. Let q be s(-38). Suppose -1052 = -q*h - 2*c, -2*h + 3*c + 2*c + 695 = 0. What is the units digit of h?
0
Suppose 2*k + 38*k = 2120. Suppose -5*v = k*g - 48*g - 7020, 2*v - 5*g - 2780 = 0. What is the thousands digit of v?
1
Let z = 605 - 644. What is the units digit of (z/13)/((-1)/304)?
2
Suppose 62*c - 4*k + 5322 = 64*c, -3*c + 5*k = -7950. What is the tens digit of c?
5
What is the units digit of (-4)/6 - 128/(-336) - (-4419840)/140?
0
Suppose 4*x - 1 - 127 = 0. Suppose -30*c + x*c - 10 = 0. Suppose c*y - 3*y = 56. What is the tens digit of y?
2
Let l(f) = 3*f + 22. Let v be l(-5). Suppose 34 = v*z - 722. Let u = z - -171. What is the tens digit of u?
7
Let h(i) = -2*i**2 + 13*i - 4. Let y = -99 - -105. Let l be h(y). Suppose 5*x - 746 = l*q, 0*q + 744 = 5*x - 3*q. What is the units digit of x?
0
Let h = 182 - 138. Let v = h + 900. What is the units digit of v?
4
What is the hundreds digit of (-15928)/(-132) - (-6)/(-9)?
1
Suppose -204*b + 200*b = 3*u - 32, -5*b - 3*u = -43. What is the tens digit of b?
1
Suppose 0 = 2*s + 5*n - 8676, -2*n = 5*s - 2*s - 13036. What is the thousands digit of s?
4
Suppose 5 = -2*b + x + 36, x = -2*b + 37. Let k be (2/4 - 39/(-4)) + (-5)/20. Let o = b + k. What is the units digit of o?
7
Suppose 0 = -3*v + 3*o + 9, -4*o - 16 = -2*v - 3*v. Suppose 516 = 4*g + 5*k, -2*g = 3*g + v*k - 636. What is the tens digit of 36/(-27) - g/(-3)?
4
Suppose 4*b = b + 12. Let p be 1826/19 + b/(-38). Suppose p = -i + 3*i. What is the units digit of i?
8
Let t(u) = 11*u - 57. Let i be t(5). What is the tens digit of 3*i/(-6) - -141?
4
Suppose -18*z + 22*z + 5*j = 36, 4*z - 4*j = 0. What is the hundreds digit of (-1)/1 + z/((-12)/(-2157))?
7
Let x(g) = -g**3 + 2*g**2 - g - 1. Suppose 0 = -3*m - 0*m + 4*y + 2, -5*m = -5*y - 5. Let j be x(m). What is the tens digit of (-20)/(-30) + (-253)/j + -1?
8
Let q be 259/(-56) + 5 - (-726)/(-16). What is the hundreds digit of ((-1402)/6)/(q/135)?
7
Let m = 8476 + -4853. What is the tens digit of m?
2
Let r(v) = -4*v**2 - 5*v + 5. Let q be r(-4). Let u = q + 68. Suppose 0 = -3*x + 19 + u. What is the tens digit of x?
1
Let x = -1964 + 3505. Let a = x - 962. What is the tens digit of a?
7
Suppose 19*z - d - 109 = 14*z, -20 = 5*d. What is the tens digit of (-8582)/(-98) - (0 + (-9)/z)?
8
Suppose 28*h - 1880394 + 309699 = 479185. What is the thousands digit of h?
3
Suppose k = -890 + 2290. Suppose -11*z - 3*z = -k. What is the units digit of z?
0
Suppose 19*s = 12*s - 28. Let v(u) = 3*u**2 + 3 - 7*u - 3 + 5. What is the tens digit of v(s)?
8
Let v = 270 - 91. Let b = 711 - v. What is the tens digit of b?
3
Suppose 66 = 21*r - 39. Suppose -h = 5*z - 3695, -3*z - 1501 = -r*z - 5*h. What is the tens digit of z?
3
Let p(s) = -11*s + 32. Let o be p(6). Let n = 34 + o. Suppose -111 = -u - n*u. What is the units digit of u?
1
What is the units digit of (20/(-225)*3)/(8/17740)*-3?
4
Let r(i) = -i**3 - 27*i**2 + 27*i - 24. Let a be r(-28). What is the thousands digit of (a - 88/16)*(-6044)/6?
1
Suppose 268*f - 272*f = 8. What is the units digit of 3/2 + (-681)/f?
2
Let j = 9 + -1. Suppose -2*z = -5*y - 3*z - 13746, -2*z = -j. What is the units digit of ((-18)/(-81) - y/18) + -2?
1
Suppose -82*w - 1162999 = -273*w. What is the units digit of w?
9
Suppose -10*b + b + 108 = 0. Let n be ((-5)/(-5))/4*b. Suppose 0 = n*y - 144 + 24. What is the units digit of y?
0
Suppose d = -4*d, -4635 = -5*a + d. Let f = a + 44. What is the hundreds digit of f?
9
Suppose 0 = -5*q - 3*a + 5910, 0*a - 1165 = -q - 4*a. Suppose 3*p - q = -5*u - 379, -2*p + 539 = 5*u. What is the hundreds digit of p?
2
Let p = 7390 - 4724. What is the units digit of p?
6
What is the tens digit of (-8409)/2*(-4)/6?
0
Let n be (-246)/(-4)*(-3700)/(-30). Suppose 3*j = 40*j - n. What is the units digit of j?
5
Suppose -126*t - 317*t + 17400154 = 0. What is the thousands digit of t?
9
Suppose 7*l - 8 = 5*l. Suppose -264 = 4*r + l*w, 194 = -3*r - 0*w + w. Let k = r + 116. What is the tens digit of k?
5
Let m(u) = u**2 - 31*u + 618. What is the hundreds digit of m(51)?
6
What is the tens digit of 250712/42 + 6 - (-4)/6?
7
Suppose -2*a = 2*p - 114214, -20*a + 57107 = p - 15*a. What is the hundreds digit of p?
1
Let r be (-6)/9 - (55/(-15) + 0). Suppose -r*p - 3*n = -108, 65 - 8 = 2*p + 5*n. What is the units digit of p?
1
Let a(z) = z**3 - 2*z**2 - z + 822. Let f be a(0). Let p = -487 + f. What is the hundreds digit of p?
3
Suppose -2*f - 4 + 14 = 0. Let m be (40/(-3))/((-11)/66). Suppose -9 - 11 = 5*z, -f*z + m = 2*i. What is the units digit of i?
0
Suppose -r + 2140 = -k - 7144, 0 = -5*r - 2*k + 46434. What is the thousands digit of r?
9
Suppose 3*y - 7*y = 0. What is the units digit of 825/(-2 - y - (11 + -14))?
5
Let i be (16/3)/((-13)/(78/(-4))). Let v(x) = x**3 + 3*x**2 - 13*x + 2. What is the tens digit of v(i)?
0
Let r(z) = 332*z**2 - 251*z - 33. What is the ten thousands digit of r(14)?
6
Suppose 2746 = t - 3*u + 4*u, -8 = 2*u. Suppose 0 = -27*f + 32*f - t. What is the hundreds digit of f?
5
Let n = 54 - -281. Let v = n - -170. What is the hundreds digit of v?
5
Let p(k) = -k**3 - 8*k**2 - 8*k - 7. Let n be p(-7). Let y be (-2)/(-4)*(n - 1)*-10. Suppose 517 = y*v - 323. What is the hundreds digit of v?
1
What is the hundreds digit of 39279 - (0 - 15) - -9?
3
Let t(c) = -c**2 + 6*c - 4. Let d be t(6). Let l(u) = u**3 + 6*u**2 + 7*u + 4. Let a be l(d). Suppose -11*s = -a*s - 51. What is the tens digit of s?
1
Suppose 235 + 45 = 5*f. Suppose -84*m + 8339 = -4369 + 1536. Suppose 7*k - m = f. What is the units digit of k?
7
What is the tens digit of 408 - 3*(-68)/12?
2
Let l(j) = -j**3 - 7*j**2 + 20*j + 21. Let w be l(-9). Suppose w - 1 = -x. What is the hundreds digit of ((-72)/30 - -2)/(x/910)?
1
Suppose -20*x = -9*x - 77. Let r(s) = s**2 + 2*s + 25. What is the tens digit of r(x)?
8
Let y = -124 - -88. Let k be ((-24)/42)/(-2 + y/(-21)). What is the tens digit of 14 - 1 - (-1 - k)?
1
Suppose 4*r + v = 262437, -59*v = -5*r - 62*v + 328041. What is the ten thousands digit of r?
6
Let p be 10*(-45)/6*1. Let q = -73 - p. Suppose -j + 114 = 2*u, 2*u - 3*j = -q*u + 248. What is the units digit of u?
9
What is the hundreds digit of 6386 - (1 + -7 - 1) - 9?
3
Let v = 69 - 64. Suppose -5*o - v*l - 27 = 38, 4*l = -5*o - 61. What is the units digit of -115*o/((-135)/(-12))?
2
Suppose -1445*k + 3492 = -1439*k. Let m = -94 + k. What is the units digit of m?
8
Let x(j) be the second derivative of -7*j**3/2 + 43*j**2/2 + 428*j - 1. Let i(o) = -o**2 - 5*o + 7. Let u be i(-7). What is the hundreds digit of x(u)?
1
Let n(p) = -3*p**3 + 12*p**2 + 51*p + 143. What is the thousands digit of n(-11)?
5
Let j = 1564 + -357. What is the tens digit of j?
0
Suppose 2*b + 3*g - 1191 = 9244, 3*b = 5*g + 15605. What is the thousands digit of b?
5
Let f be (1/2)/(21/(-7518)). What is the tens digit of -2 + -1*(5 - 4)*f?
7
Let w = 31 + -51. Let p be ((-24)/w - 0)/((-4)/(-10)). Suppose 214 = 2*q + k - 0*k, -p*q = k - 321. What is the units di